d by 1572927.
1
What is the remainder when 579930283 is divided by 13?
10
What is the remainder when 5436961 is divided by 77?
68
What is the remainder when 397792 is divided by 8803?
1657
What is the remainder when 32936897 is divided by 1611?
2
What is the remainder when 190488578 is divided by 3?
2
What is the remainder when 1033408 is divided by 508?
136
What is the remainder when 809999 is divided by 60?
59
What is the remainder when 674945 is divided by 344?
17
What is the remainder when 28602593 is divided by 74?
39
What is the remainder when 127058 is divided by 127045?
13
Calculate the remainder when 381809 is divided by 2985.
2714
Calculate the remainder when 26477796 is divided by 87098.
4
Calculate the remainder when 4363208 is divided by 6287.
30
What is the remainder when 13074078 is divided by 49?
45
What is the remainder when 605723 is divided by 201205?
2108
What is the remainder when 1317137 is divided by 24?
17
Calculate the remainder when 215967 is divided by 1180.
27
Calculate the remainder when 434963 is divided by 2738.
2359
What is the remainder when 46866 is divided by 15388?
702
Calculate the remainder when 19874589 is divided by 4607.
4598
Calculate the remainder when 397231 is divided by 488.
487
Calculate the remainder when 37008923 is divided by 505.
503
What is the remainder when 2170819 is divided by 37?
29
What is the remainder when 23058575 is divided by 564?
563
What is the remainder when 954925 is divided by 377?
361
Calculate the remainder when 1223242 is divided by 244595.
267
What is the remainder when 21380 is divided by 2886?
1178
Calculate the remainder when 36061640 is divided by 23.
9
Calculate the remainder when 1449379 is divided by 792.
19
Calculate the remainder when 676152 is divided by 1226.
626
What is the remainder when 1199284 is divided by 44?
20
What is the remainder when 20438 is divided by 2884?
250
What is the remainder when 11023275 is divided by 588?
39
What is the remainder when 218082 is divided by 27117?
1146
Calculate the remainder when 312452 is divided by 78051.
248
Calculate the remainder when 5776571 is divided by 17.
5
What is the remainder when 476158 is divided by 39643?
442
Calculate the remainder when 279950 is divided by 18651.
185
Calculate the remainder when 2020616 is divided by 38807.
2652
What is the remainder when 424546 is divided by 70672?
514
What is the remainder when 2346150 is divided by 2546?
1284
What is the remainder when 1121367052 is divided by 11152?
11148
Calculate the remainder when 3607592 is divided by 601256.
56
What is the remainder when 2724301 is divided by 33?
19
What is the remainder when 3353257 is divided by 372583?
10
What is the remainder when 39133 is divided by 859?
478
Calculate the remainder when 7540 is divided by 1869.
64
What is the remainder when 184519 is divided by 1726?
1563
What is the remainder when 9764720 is divided by 90414?
8
What is the remainder when 45416 is divided by 45406?
10
What is the remainder when 225185452 is divided by 78?
76
Calculate the remainder when 10094199 is divided by 2459.
4
What is the remainder when 981587 is divided by 172?
155
Calculate the remainder when 294824110 is divided by 29482411.
0
What is the remainder when 13901101 is divided by 463370?
1
What is the remainder when 1308332 is divided by 186?
8
Calculate the remainder when 171511 is divided by 809.
3
What is the remainder when 3127140 is divided by 142142?
16
What is the remainder when 34758 is divided by 172?
14
Calculate the remainder when 47522 is divided by 4751.
12
What is the remainder when 79516 is divided by 26473?
97
What is the remainder when 176833 is divided by 87860?
1113
Calculate the remainder when 818083 is divided by 175.
133
Calculate the remainder when 2986623 is divided by 69451.
230
Calculate the remainder when 3710524 is divided by 1458.
1372
Calculate the remainder when 5844619 is divided by 254113.
20
What is the remainder when 9016544 is divided by 9016533?
11
What is the remainder when 232454 is divided by 5118?
2144
Calculate the remainder when 6028520 is divided by 9948.
32
What is the remainder when 9902 is divided by 3920?
2062
What is the remainder when 3509707 is divided by 1754850?
7
Calculate the remainder when 8608601 is divided by 277.
272
Calculate the remainder when 203678 is divided by 60.
38
What is the remainder when 2970041 is divided by 17069?
35
Calculate the remainder when 178775098 is divided by 810.
808
Calculate the remainder when 3274169 is divided by 7947.
5
Calculate the remainder when 33040384 is divided by 3.
1
What is the remainder when 445864 is divided by 501?
475
Calculate the remainder when 24042846 is divided by 787.
783
What is the remainder when 1277984 is divided by 319484?
48
Calculate the remainder when 45360246 is divided by 118.
102
Calculate the remainder when 5005580 is divided by 391.
389
Calculate the remainder when 259740085 is divided by 53.
17
Calculate the remainder when 3627448 is divided by 138.
118
What is the remainder when 12803472 is divided by 805?
752
What is the remainder when 275320 is divided by 1097?
1070
Calculate the remainder when 7363171 is divided by 3681577.
17
What is the remainder when 1671799 is divided by 48?
7
Calculate the remainder when 2118932 is divided by 47.
31
Calculate the remainder when 2569325 is divided by 856428.
41
What is the remainder when 29502392 is divided by 642?
566
What is the remainder when 186004 is divided by 366?
76
Calculate the remainder when 268540 is divided by 651.
328
Calculate the remainder when 10359021 is divided by 21271.
44
Calculate the remainder when 3988519 is divided by 62.
59
What is the remainder when 110795 is divided by 342?
329
Calculate the remainder when 42343 is divided by 14082.
97
What is the remainder when 2260181 is divided by 37?
36
Calculate the remainder when 270474 is divided by 104.
74
Calculate the remainder when 115454065 is divided by 91.
90
Calculate the remainder when 367404 is divided by 4223.
3
What is the remainder when 4899554 is divided by 4495?
4
What is the remainder when 1200270960 is divided by 9062?
9060
What is the remainder when 3529962 is divided by 235312?
282
Calculate the remainder when 11007487 is divided by 66310.
27
Calculate the remainder when 28706 is divided by 12057.
4592
What is the remainder when 5481045 is divided by 2302?
2285
What is the remainder when 455096 is divided by 349?
0
What is the remainder when 58614 is divided by 2090?
94
Calculate the remainder when 320111 is divided by 713.
687
What is the remainder when 20167663 is divided by 53?
50
Calculate the remainder when 11774400 is divided by 5554.
5474
What is the remainder when 585187 is divided by 292495?
197
Calculate the remainder when 420302 is divided by 15010.
22
What is the remainder when 14056065 is divided by 529?
6
What is the remainder when 84407026 is divided by 843?
808
Calculate the remainder when 502065 is divided by 218.
11
Calculate the remainder when 19454 is divided by 3896.
3870
Calculate the remainder when 8331529 is divided by 76436.
5
What is the remainder when 764953693 is divided by 4448?
4445
Calculate the remainder when 444796 is divided by 63289.
1773
Calculate the remainder when 17508223 is divided by 4142.
4131
Calculate the remainder when 617076 is divided by 616951.
125
What is the remainder when 12373640 is divided by 6186814?
12
Calculate the remainder when 570591 is divided by 156.
99
Calculate the remainder when 11318027 is divided by 354.
293
What is the remainder when 392864 is divided by 2089?
132
What is the remainder when 970105 is divided by 79?
64
Calculate the remainder when 190359967 is divided by 86.
85
What is the remainder when 710978 is divided by 218?
80
What is the remainder when 10781091 is divided by 891?
882
What is the remainder when 353613401 is divided by 67?
64
What is the remainder when 1107002 is divided by 849?
755
What is the remainder when 63070 is divided by 31378?
314
What is the remainder when 37956 is divided by 12648?
12
Calculate the remainder when 2276116 is divided by 758586.
358
Calculate the remainder when 183499827 is divided by 505.
502
Calculate the remainder when 8023837 is divided by 1504.
1501
Calculate the rema